63. What is the greatest common divisor of 4293 and u?
81
Let o(g) = 399*g**2 + 626*g - 1249. Let y be o(2). Calculate the greatest common factor of y and 351.
39
Let f be ((-13)/(-2))/(1 + (-15)/30). Let b(y) = -19*y + 259. Let q be b(f). Calculate the greatest common divisor of 696 and q.
12
Let i(x) = x**2 + 33*x - 175. Let c be i(-40). Let w be c + -10 - (9 + -1). What is the greatest common divisor of 15 and w?
3
Let l(b) = 12*b**2 + 11*b + 15. Let s be l(-3). Let d be 49 + (1/(-1) - -2). Let w = s - d. What is the highest common divisor of 200 and w?
40
Let s(n) be the first derivative of n**4/4 - 10*n**3/3 + 15*n**2/2 - 9*n - 7. Let y be s(9). Let f = 0 + y. Calculate the greatest common factor of 9 and f.
9
Suppose 0 = -46*l + 16825 + 16065. What is the highest common factor of 11 and l?
11
Let d be 132/(-7)*((6 - 14) + 1). Suppose -7*j = -190 - d. Let m = -186 - -370. What is the highest common divisor of j and m?
46
Let f = -8 + 50. Let y = -72 + 104. Let q be 6/(-2)*-9 - (31 - y). Calculate the greatest common factor of f and q.
14
Let s = 6 - -18. Suppose p + 139 = -3*j, 2*j = -3*p - s - 78. Let r be (-3 - 129/j) + 1204/30. What is the highest common factor of 8 and r?
8
Let y(f) = f**2 - 132*f - 1868. Let z be y(-13). Calculate the highest common factor of 153 and z.
17
Let s = 626 - 329. Let n(t) = -4*t - 125. Let k(v) = -4*v - 26. Let o be k(3). Let a be n(o). What is the highest common factor of s and a?
27
Let l be 70 + (-12)/((-12)/5) - 1. Calculate the greatest common divisor of l and 1739.
37
Let u be (-13)/((-715)/22)*(40917 + 3). Calculate the highest common factor of 62 and u.
62
Let k(f) = -f**2 + f. Let u be k(0). Suppose -3*q + 4 + 20 = u. Suppose z - 14 = a - 7, -3*a + 3 = 0. What is the highest common factor of z and q?
8
Let r be -18*(70/(-45))/7. Let c(s) = s**3 - 7*s**2 + 5*s + 6. Let y be c(6). Suppose -4*g + 3*g + 36 = y. What is the greatest common divisor of g and r?
4
Suppose 0 = 4*u - 63 + 71, 0 = 2*a - u - 5504. What is the highest common divisor of a and 21?
21
Let m(v) = -2*v**2 - 38*v - 34. Let l be m(-18). Calculate the greatest common divisor of l and 262.
2
Suppose -44 = -4*a - 3*d, -2*a + 48 = -14*d + 9*d. What is the greatest common factor of a and 2954?
14
Let b be (-4)/26 - (-120317)/1027. Suppose 5*x = -c - 0*x + 146, -c = x - 154. Calculate the highest common factor of c and b.
39
Suppose 4*n = n + 225. Let o be (136/24)/(-17)*0 - -50. What is the greatest common factor of n and o?
25
Suppose -10 + 6 = -2*w. Suppose 0 = -3*b - 3*s + 3 + 15, 2*s = -3*b + 20. What is the greatest common divisor of w and b?
2
Let o be -13*(-10)/(-20)*-96. What is the greatest common factor of o and 360?
24
Suppose -86*c + 16940 = -182*c + 116*c. Calculate the highest common divisor of c and 1078.
77
Let w be 25*4*45/12. Let t(n) = -n**3 + 295*n**2 + 591*n + 906. Let x be t(297). What is the highest common divisor of w and x?
15
Let b = -74 + 79. Suppose -m - 206 = -4*z + m, m + 265 = b*z. What is the greatest common factor of 24 and z?
6
Let b be ((-4)/6)/((-4)/18). Suppose -5*t = p - 153, 0*p + p + b*t = 161. Let f = p + -116. What is the greatest common divisor of 38 and f?
19
Let a = -4196 + 4203. What is the highest common divisor of a and 476?
7
Suppose 120*l - 119*l - 65 = 0. Suppose 5*q + 4*w = 4221, 2*q - 12*w = -10*w + 1692. What is the highest common factor of l and q?
65
Suppose -24920 = -14*s + 2688. What is the greatest common factor of 68 and s?
68
Suppose 0 = 4*s + 38 - 254. Let j(w) = -w**3 - w**2 + 36. Let d = -43 - -43. Let z be j(d). What is the greatest common divisor of z and s?
18
Let b be (104/(-16) + 6)/(1/(-6)). Suppose -v - 2*h = -9, -b = -v - h + 3. What is the highest common factor of 93 and v?
3
Let o(m) = m**3 - 9*m**2 + 8. Let b be o(9). Let u = 28 - b. Let s = 359 + -329. Calculate the greatest common factor of u and s.
10
Let j = 18 + 17. Suppose -5*r + 4*p - 22 + 69 = 0, p = -3*r + j. Suppose -7*f - 5229 = -5460. What is the highest common divisor of r and f?
11
Suppose 4*l - 6*l - 3*a = -61, 0 = -3*l + 5*a + 120. Suppose 410*g + 15 = 413*g. Calculate the highest common factor of g and l.
5
Let d(s) = 16 + s + 123 - 20. Let a be d(0). Calculate the highest common divisor of a and 34.
17
Suppose 46*w - 43*w = 0. Suppose 30*z - 24*z - 72 = w. Let l(t) = -t + 60. Let f be l(0). Calculate the highest common factor of z and f.
12
Let b(v) = 7 + 2*v**3 + 83*v**2 - 2*v - 8*v**3 - 105*v**2. Let y be b(-5). Calculate the highest common factor of y and 7.
7
Let g(x) = -x**2 - 37*x - 19. Suppose -2*n - 5*v = 79, 4*v + 140 = 2*n - 6*n. Let f be g(n). Calculate the highest common divisor of 47 and f.
47
Let t = -64 + 43. Let a be (14/t)/(-2 + (-10)/(-6)). Suppose -a*j + 0*j = -4*g + 8, 3*j = -4*g + 28. What is the greatest common factor of 10 and g?
2
Let p = 49954 + -34739. What is the greatest common divisor of p and 85?
85
Let c be (8064/512)/((-3)/(-4)). Suppose -40 = -5*s - 15, -76 = -2*d - 4*s. Calculate the greatest common factor of c and d.
7
Suppose 160 = -f + 154. Let g be (-4)/f + 624/117. Calculate the greatest common divisor of g and 12.
6
Suppose 19 = -10*z + 99. Suppose -2*r + 4*i = -z, r = -2*r - 5*i + 1. What is the highest common factor of r and 46?
2
Suppose -8*q + 17*q = 1080. Suppose -85*a + 73*a = -q. What is the greatest common divisor of 100 and a?
10
Suppose 13*s = 10*s - 558. Let x = -136 - s. Suppose 239 = -2*q + 639. What is the highest common divisor of x and q?
50
Let a(k) = -k**2 - 12*k - 6. Let b be a(-6). Let c be (-48)/(-5) - (-12)/b. Suppose 0 = -11*p + 16*p - c. What is the highest common factor of p and 1?
1
Let k be (17/(170/1040))/(-2 + 1). Let q be (130/k)/((-3)/1596). Calculate the greatest common factor of 7 and q.
7
Let i be ((-129)/(-27))/1 - (-4)/18. Suppose -3*u + 803 = -u + 3*c, -i*c = -5. Let z be ((-2)/(-5))/(5/u). Calculate the highest common divisor of 16 and z.
16
Let i = 319 - 251. Suppose -i = -2*h - a - 51, -2*h - 3*a + 23 = 0. Calculate the highest common divisor of 5 and h.
1
Let a(y) = -53*y**2 - 664*y - 16. Let v be a(-12). What is the greatest common divisor of v and 416?
32
Let y = -1040 - -1054. Let x(o) = o + 7. Let c be x(-5). Suppose -4*w = -4*b - 220, -c*w - 2*w - 4*b = -228. Calculate the highest common factor of w and y.
14
Let b be 0 + 3 + (-668)/(-2) + -6. Let s = 387 - b. Suppose 0*l = 2*l - 48. Calculate the highest common factor of s and l.
8
Let v(u) = 2*u**3 - 5*u**2 + 17. Let z be v(4). Suppose 22*b + z = 27*b. Calculate the highest common divisor of b and 26.
13
Let x(v) = 2*v**2 - 4*v - 3. Let i be x(3). What is the highest common divisor of i and 1119?
3
Suppose -4*j = b + 12, 0 = 2*b + 3*b + 2*j + 24. Let l be (b - (-52)/14) + (-3812)/(-14). What is the highest common factor of l and 24?
8
Let t(l) = -18*l + 72. Let a be t(2). What is the greatest common factor of a and 117?
9
Let o(z) = z**2 + 109*z + 1158. Let u be o(-10). Calculate the highest common factor of u and 180.
12
Suppose 0 = 13*u - 0*u + 11791. Let z = u - -1026. Calculate the highest common divisor of 7 and z.
7
Let q = 80748 + -80726. Let m = 12 + 11. Let d = m - -153. What is the highest common divisor of q and d?
22
Suppose -4*n + 4*w - 1402 + 7126 = 0, 4*n = -5*w + 5697. What is the highest common factor of n and 102?
102
Suppose -71*n - 33*n = -26520. Let w = 249 + -147. Calculate the greatest common factor of w and n.
51
Suppose 648 = -13*k + 5*k. Let q = 88 + k. What is the highest common factor of 14 and q?
7
Suppose 26*h - 13*h - 52 = 0. What is the greatest common divisor of h and 716?
4
Suppose 3*u - 2*v - 11 - 6 = 0, -5*v - 29 = -3*u. Suppose 0 = -u*y + 83 + 187. What is the highest common divisor of 10 and y?
10
Let y(u) = 3*u**2 - 3*u + 31. Let s be y(-8). Suppose 58 + 892 = 25*m. Calculate the greatest common divisor of m and s.
19
Suppose -14*m + 16298 = 103*m + 164*m. Calculate the highest common divisor of m and 145.
29
Let n be (-403)/(-4)*(5 + 3). Let c be 2460/40 + (3 - 25/10). Calculate the highest common divisor of n and c.
62
Let n = -494 + 659. Suppose 9*p = 6*p + n. What is the highest common factor of 10 and p?
5
Let u be (-184)/(-12)*(-57)/(-38). What is the highest common divisor of 1564 and u?
23
Suppose 495*n - 483